7*h - 30. Let k be m(-6). Let x(o) = o + 4. Let c be x(0). Suppose -c*q = -q - k. Is 2 a factor of q?
True
Let k = -8 + 13. Suppose -2*o - 3*a + 23 = 0, -5*o + 116 = -k*a + 21. Does 16 divide o?
True
Let u(j) be the third derivative of -j**4/24 + 7*j**3/6 + 11*j**2. Let f be u(3). Let a(k) = k**3 - 2*k**2 + 5*k - 4. Does 9 divide a(f)?
False
Suppose -13*d + 14*d - 924 = 0. Is 44 a factor of d?
True
Suppose 316 = 4*b + 5*y, 3*b - 237 = 4*y - 9*y. Is b a multiple of 32?
False
Let n(a) = -a + 1. Let u(f) = 35*f - 30. Let h(y) = -25*n(y) - u(y). Let s be (3 - 2)/((-2)/6). Is h(s) a multiple of 7?
True
Suppose 0*y + 3*y - 172 = 5*x, -3*x = -2*y + 116. Does 4 divide y?
True
Let p(c) = -c**2 + 2*c**2 + 0*c - 16 - 3*c. Let m(i) = i**2 - i + 1. Let x be m(3). Does 10 divide p(x)?
False
Let k(a) = -a - 12. Let m be 117/(-26)*8/(-6). Let v be k(m). Let b = 37 + v. Does 19 divide b?
True
Suppose -5*z - 1163 = -4*x, -3*x - 5*z = -3*z - 878. Is 45 a factor of x?
False
Let f(k) = -4*k - 2. Let m be f(-1). Let q be 13/(-2)*m + 1. Is (-9)/4*256/q a multiple of 28?
False
Suppose -2*x + 5*d + 21 = 0, -23 = -3*x + d - 2*d. Suppose -f = -2*h - x, -h = 5*f - 10*f + 4. Is 12 a factor of 16*5/((-10)/h)?
False
Suppose 0 = -2*y + y + 5*v - 14, -y - 6 = -3*v. Let u(c) = 5*c**2 - 4*c + 10. Is 36 a factor of u(y)?
False
Suppose -2*y - 6 = -14. Suppose 0 = -2*s - y*s + 54. Is 5 a factor of s?
False
Suppose 4*m - 2270 = -3*u + 1269, m - 885 = -u. Is m a multiple of 34?
True
Let i be -2 - 1/2*-482. Let r = -119 + i. Is 23 a factor of r?
False
Let d = 853 + -513. Is 6 a factor of d?
False
Let f = 3 + 2. Suppose 3*y + 4 - 16 = 0, -8 = 2*s - f*y. Does 11 divide (-4)/s - 1000/(-15)?
True
Let d = 60 + -58. Suppose -d*j + 3*j - 125 = 0. Does 18 divide j?
False
Let b(y) = -24*y + 50. Let r be b(15). Let q = 555 + r. Does 49 divide q?
True
Let b = 214 - 158. Is 12 a factor of b?
False
Let w be (-2)/(-3) - (-2)/(-3). Suppose -n + 5 + 4 = w. Does 22 divide 394/n + 14/63?
True
Let y(r) = -2*r**3 - r**2 - 5*r + 16. Is y(-3) even?
True
Suppose 20812 = 3*i - 5*z, 2*i = -2*i - 5*z + 27761. Suppose 2*u + 5*j - 5768 = -1155, -j + i = 3*u. Does 12 divide u/130 - 1/(-5)?
False
Let z = 26 + -26. Suppose 3*y - 6 = z, -u = y + 2*y - 14. Does 4 divide u?
True
Suppose 0 = 2*w + 2, 19 = h + 5*w + 6. Is 22 a factor of h - 18 - (-22 + 0)?
True
Let b be (2 + -1)*(-1 - -4). Let l(v) = -b*v + 6*v**2 + 9*v**2 + 4*v. Does 7 divide l(-1)?
True
Let g(j) = j**3 + 12*j**2 - 5*j - 12. Is 36 a factor of g(-5)?
False
Let f(s) = 12*s**2 + 14*s + 34. Does 24 divide f(-5)?
True
Suppose -3*p - 4*b + b + 399 = 0, 0 = -p + b + 133. Suppose 1 = -3*m + 7. Suppose -p + 33 = -3*n - 5*c, -3*c = m*n - 65. Does 6 divide n?
False
Suppose j + 2*i - 3 = 0, -4*j + 25 = i - 6*i. Suppose 471 = 3*v - j*z, 4*z + 3 = 3*z. Is v a multiple of 33?
False
Let h(w) = -2*w - 24. Let r be h(-14). Suppose -2*d = 2*a + 3*d - 19, -r*d = 20. Is 8 a factor of a?
False
Let a be ((-6)/15)/((-1)/5). Let i(v) = v - 15*v**a + 1 - 4*v + 14*v**2. Is i(-2) a multiple of 2?
False
Does 19 divide 20/(-18) + (-134848)/(-1548)?
False
Let z be (-1)/(-3 - (-742)/248). Suppose -5*p - 4*b + z = 0, 3 - 4 = -b. Is p a multiple of 8?
True
Let m be (-294)/48 - (-1)/8. Does 6 divide (1 + 55/35)/(m/(-56))?
True
Suppose 13*x - 7 = 32. Suppose -x*w - 8*y + 33 = -4*y, -4*w = 5*y - 45. Is 2 a factor of w?
False
Let r(g) = -2*g - 1. Let q be r(-2). Let s be 9*((-8)/3 + q). Suppose 0 = 6*j - s*j - 6, -95 = -5*a + 5*j. Is a a multiple of 21?
True
Let r be ((-8)/(-14))/(7/49). Suppose -26 - 6 = -r*o. Suppose 20 = 5*i - d + 2*d, 2*d + o = 2*i. Does 2 divide i?
True
Let t be (-1 + -1)*6034/(-28). Suppose 109 + t = 10*s. Is 9 a factor of s?
True
Suppose -2*g - 3*g = -5*q + 7775, 0 = -g + 5. Is 12 a factor of q?
True
Let l(w) = -376*w**3 - 2*w**2 - w. Let p be l(-1). Let z = p + -223. Does 38 divide z?
True
Suppose 4212 = 3*f + 3*f. Suppose 14 - f = -4*h. Is h a multiple of 10?
False
Suppose 2*c - 2*o - 4 = 0, -1 = -3*c + 5*o + 1. Suppose c*u - 1 - 7 = 0. Let l = 8 - u. Does 2 divide l?
True
Suppose 0 = 2*i - 185 - 875. Is 5 a factor of i?
True
Suppose f + 3*y - 179 = 0, -f - y = -2*f + 187. Suppose -18*z + f = -445. Does 7 divide z?
True
Let b = -75 + 80. Suppose -3*x + 396 = 3*a - 5*x, -396 = -3*a - b*x. Does 11 divide a?
True
Let n(s) = 188*s**2 + 1. Let z be n(-1). Suppose 5*d - z = 56. Does 11 divide d?
False
Let a(o) = -o**3 + 14*o**2 + 16*o - 18. Let t be a(15). Let i be 7 - t/(2/(-2)). Suppose i*j - 68 = -4*n, n - 4*j - 11 = -2*j. Does 3 divide n?
True
Suppose -4*x + 2*p + 1043 + 999 = 0, 1006 = 2*x - 4*p. Is x a multiple of 19?
True
Suppose -13*u = -14*u - 3, -4*v = 3*u - 795. Is 67 a factor of v?
True
Does 31 divide 187455/35 - ((-129)/21 + 6)?
False
Suppose 12*a - 40 = 2*a. Suppose 24 = -2*y + 5*c + 75, a*c = y - 18. Does 8 divide y?
False
Suppose 36 = 3*u + u. Suppose y = z + 150, 2*y - z - 305 = -u. Does 19 divide y?
False
Suppose -11*o = 4*u - 15*o - 17684, 4*u - 17711 = -5*o. Is 28 a factor of u?
True
Suppose 37*n = 49*n - 17484. Is 47 a factor of n?
True
Suppose 4*y - 1503 = 117. Is 27 a factor of y?
True
Let h = -1268 - -1948. Is (-8)/5*h/(-17) a multiple of 16?
True
Suppose 679 = 4*n + 3*n. Suppose -z + 38 = -n. Is z a multiple of 14?
False
Let n(l) = -3*l + 6*l - l**2 - 14 + 3*l + 7. Let t be n(8). Let x = -12 - t. Is 3 a factor of x?
False
Let k(z) = 6*z**2 + 18*z + 4. Is 13 a factor of k(-4)?
False
Suppose -v = -2*w + 3, 3*w - v = -0*v + 5. Let o be 428/112*4 + (-4)/14. Suppose w*a + 2*a - 4*y - 60 = 0, a - 5*y = o. Is a a multiple of 7?
False
Let k = 0 + 6. Let u be 8/k - 1480/(-24). Suppose -5*p = 3*q - u, 0 = -5*q - 2*p - p + 89. Is q a multiple of 6?
False
Does 17 divide 188959/148 + (-1)/8*-2?
False
Let d = -181 - -265. Does 8 divide d?
False
Let p be ((-1060)/15 + 0)*(-3)/(-2). Let n = -93 - p. Is n a multiple of 2?
False
Let t be (2 + -6)/(-8)*(-2 - -38). Does 7 divide ((-31)/t + (-2)/(-9))*-30?
False
Let b be -1*((-373)/4 - 20/(-80)). Suppose -89*v - 460 = -b*v. Does 38 divide v?
False
Let i = -1160 - -1931. Is i a multiple of 118?
False
Suppose -10*o - 213 = -1153. Does 30 divide o?
False
Suppose -1576 - 776 = 5*c - 2*a, -2*a + 2 = 0. Is (c/40)/(2*3/(-24)) a multiple of 6?
False
Let i(z) = 259*z + 14. Is i(14) a multiple of 26?
True
Suppose 0 = -4*z + 3 - 23, -p + 919 = z. Is p a multiple of 21?
True
Suppose -31 + 211 = 5*x. Suppose v - x - 21 = 0. Is v a multiple of 13?
False
Suppose 3*o - 43 = -2*h + 82, 4*h + 51 = o. Suppose 2*p + 6*z - 30 = 4*z, 5*z = -p + 7. Let w = o - p. Is 8 a factor of w?
False
Suppose x - 1 = 0, 4*j + 2*x = 25 - 3. Suppose 0 = h - j*h + 144. Suppose d = q + q - h, -5*q + 2*d = -92. Is 12 a factor of q?
False
Suppose 0*h + 2*h = 56. Let o be (-2 - h - 1) + 4. Let y = -16 - o. Is y even?
False
Let x(h) = 2*h**2 - 72*h - 67. Is x(40) a multiple of 23?
True
Suppose 4*o = -o + 3*v + 4731, 4*o - 3*v - 3783 = 0. Does 12 divide o?
True
Let b be 90/4*312/18. Suppose 0 = -6*l + l + b. Suppose -2*x + l = x. Is x a multiple of 13?
True
Suppose 2*a - 40 - 31 = 5*i, 0 = -5*i + 25. Is a a multiple of 16?
True
Suppose -2*m = 10, -o - 5*m + 12 - 35 = 0. Suppose 0 = -z + o*a + 63, 0*z + 3*a + 180 = 3*z. Does 20 divide z?
False
Suppose -80 = -4*n + 5*p, 0*p + 12 = 3*p. Suppose 0 = 8*g - 3*g + n, 4*g = -2*c + 302. Suppose 3*j = 10*j - c. Is j a multiple of 19?
False
Does 8 divide 53 + -54 - ((0 - 41) + 0)?
True
Suppose -3*f = -3*t - 206 + 1277, -5*t + f + 1789 = 0. Does 47 divide t?
False
Let k(b) = b**2 + 7. Let v be k(-12). Let z = -101 + v. Let w = z + -22. Does 28 divide w?
True
Suppose 39*g = 42*g - 156. Does 3 divide g?
False
Let q be (0 - -3)*12/9. Suppose -4*g = q*p - 96, 3*g + 0 = -9. Is 9 a factor of p?
True
Suppose 10*n = 2*n + 24. Suppose -2*y + n*z + 43 + 86 = 0, -234 = -4*y - 2*z. Is y a multiple of 12?
True
Let g(t) = t**3 - 7*t**2 + 6*t + 5. Let a be 66/10 + 15/(-25). Is g(a) a multiple of 4?
False
Suppose -m + 120 = f, -194 = -2*m + 3*f + 61. Does 4 divide m?
False
Let l = -146 + 235. Let r = -59 + l. Is r a multiple of 10?
True
Let a(q) = 3*q**3 + 10*q - 22*q + 10*q - 18*q**2 - 5. Let h(m) = 2*m**3 - 17*m**2 - 2*m - 5. Let w(x) = -3*a(x) + 4*h(x). Is 5 a factor of w(-14)?
False
Suppose -4*d = -2*c + 2142, -1061 = -11*c + 1